{"id":342,"date":"2025-02-08T06:44:05","date_gmt":"2025-02-08T06:44:05","guid":{"rendered":"https:\/\/pro.saladin.vn\/cong-tac-vien\/?page_id=342"},"modified":"2025-02-21T01:38:42","modified_gmt":"2025-02-21T01:38:42","slug":"hr-admin","status":"publish","type":"page","link":"https:\/\/pro.saladin.vn\/cong-tac-vien\/danh-cho-ai\/hr-admin\/","title":{"rendered":"Nh\u00e2n vi\u00ean Admin Nh\u00e2n s\u1ef1"},"content":{"rendered":"","protected":false},"excerpt":{"rendered":"","protected":false},"author":2,"featured_media":385,"parent":5,"menu_order":0,"comment_status":"closed","ping_status":"closed","template":"page-pro-personal.php","meta":{"footnotes":""},"aioseo_notices":[],"_links":{"self":[{"href":"https:\/\/pro.saladin.vn\/cong-tac-vien\/wp-json\/wp\/v2\/pages\/342"}],"collection":[{"href":"https:\/\/pro.saladin.vn\/cong-tac-vien\/wp-json\/wp\/v2\/pages"}],"about":[{"href":"https:\/\/pro.saladin.vn\/cong-tac-vien\/wp-json\/wp\/v2\/types\/page"}],"author":[{"embeddable":true,"href":"https:\/\/pro.saladin.vn\/cong-tac-vien\/wp-json\/wp\/v2\/users\/2"}],"replies":[{"embeddable":true,"href":"https:\/\/pro.saladin.vn\/cong-tac-vien\/wp-json\/wp\/v2\/comments?post=342"}],"version-history":[{"count":2,"href":"https:\/\/pro.saladin.vn\/cong-tac-vien\/wp-json\/wp\/v2\/pages\/342\/revisions"}],"predecessor-version":[{"id":387,"href":"https:\/\/pro.saladin.vn\/cong-tac-vien\/wp-json\/wp\/v2\/pages\/342\/revisions\/387"}],"up":[{"embeddable":true,"href":"https:\/\/pro.saladin.vn\/cong-tac-vien\/wp-json\/wp\/v2\/pages\/5"}],"wp:featuredmedia":[{"embeddable":true,"href":"https:\/\/pro.saladin.vn\/cong-tac-vien\/wp-json\/wp\/v2\/media\/385"}],"wp:attachment":[{"href":"https:\/\/pro.saladin.vn\/cong-tac-vien\/wp-json\/wp\/v2\/media?parent=342"}],"curies":[{"name":"wp","href":"https:\/\/api.w.org\/{rel}","templated":true}]}}